 = -w - 5. Calculate y(k).
0
Let o(q) = q**3 + 2*q**2 - 2*q - 2. Let z be (-10)/(-35) - 26/(-7). Let j = z + -7. What is o(j)?
-5
Let g be (-1)/(-1)*0/1. Suppose -5*p + p - 12 = g. Let f(z) = -2*z**2 - z + z**2 + 0*z**2 + 4. Determine f(p).
-2
Let o(b) = -b**2 - 24. Suppose 0 = -0*s + 5*s + s. Calculate o(s).
-24
Let o(y) = -y**2 - 6*y + 3. Let q be o(-4). Let u(j) = 3*j - 5. Let l(w) = 16*w - 26. Let v(x) = q*u(x) - 2*l(x). Let k = -16 + 13. Determine v(k).
-6
Let n(m) = 7*m - m**2 - 7*m**2 + 7 + 9*m**2. Determine n(-5).
-3
Let c(k) = k**2 + 7*k - 4. Let p be c(-7). Let o(w) be the second derivative of -5*w**3/6 - 2*w**2 - w. What is o(p)?
16
Let m(g) = -g**3 - 5*g**2 + 6. Suppose -2*c - 40 = 6*c. Determine m(c).
6
Let l(h) = 2*h - 5. Let t(v) = -v + 1. Let j(g) = g**3 + 9*g**2 - 10*g - 3. Suppose 39 = -5*i - 11. Let u be j(i). Let z(q) = u*t(q) - l(q). Give z(-5).
-3
Let q(a) = -1 + 3*a**2 - 5*a**2 - 6*a + 3*a**2. Let t be 64/10 + 6/(-15). What is q(t)?
-1
Let z(k) = 3*k**2 + 0*k**3 + 3 - k**3 + 2*k**2 - 6*k. Suppose 0 = -2*x, 0 = -3*g + 3*x - 2*x + 12. Give z(g).
-5
Let b(d) = 4*d. Let l be (2/(-3))/((-2)/12). Let u be 10/l - (-5)/10. Suppose 0*z + 3 = u*z. Give b(z).
4
Let x(l) = 8*l - 1. Suppose 0 = 25*o - 24*o - 2. Determine x(o).
15
Let l be (-6 - -5)*(0 - 1). Let c = l + -2. Let a(d) = 6*d**2 - 2*d - 1. Determine a(c).
7
Let n(z) = -2*z - 3. Let o(l) = 8*l + 13. Let i(c) = -9*n(c) - 2*o(c). Suppose 4*y + 25 = -y. Calculate i(y).
-9
Suppose 0 = 8*t - 54 + 46. Let f(x) = -7*x + 1. Let p be (2/3)/((-1)/6). Let j(i) = 7*i - 1. Let k(m) = p*j(m) - 3*f(m). What is k(t)?
-6
Let s be 1 - (15/3 - 2). Let k = -4 - s. Let q(u) = 1 + 49*u - 43*u + 1. Determine q(k).
-10
Let c be ((-6)/14)/(-2*7/98). Let x(y) = -y**2 + y - 3. Determine x(c).
-9
Let p(c) be the first derivative of -c**4/4 - 5*c**3/3 - c**2 + 4*c - 33. What is p(-3)?
-8
Suppose 5*d = -4*v + 96, -2*v - v + 2*d = -95. Suppose 3*k - 7 = v. Suppose 8 = -m - 5*w, 2*w + 2*w = 2*m - k. Let x(f) = 2*f**2 - 2*f. Determine x(m).
4
Let o = 21 - 15. Let y be o*2/(4 + -2). Let h(g) = -2*g**2 + y - 4*g - g**3 + 6*g + 5*g. What is h(-4)?
10
Let j(o) = -o**3 - 3*o**2 + 3*o + 2. Let m = -7 + -1. Let r = m + 4. What is j(r)?
6
Suppose 14 = 4*w - 2*j, -3*w + 4*j = -4*w + 8. Let n(k) be the third derivative of 2*k**2 - 1/2*k**3 + 1/60*k**5 + 5/24*k**w + 0*k + 0. What is n(-4)?
-7
Suppose -6 = 8*h - 22. Let x(a) be the first derivative of 2 - 1/3*a**3 - 2*a**2 + h*a. Calculate x(-5).
-3
Let l(m) be the second derivative of 2*m**3/3 - 3*m**2/2 + 2*m. Let o(y) = 5*y - 3. Let j(z) = -6*l(z) + 5*o(z). Calculate j(-4).
-1
Let w = -4 - -6. Let p = 7 - w. Let a(c) = -4*c - p*c + 4*c. Give a(2).
-10
Let x(l) = -l - 8. Let o(z) = 5*z**3 - z**2 + z - 1. Let i be o(1). Let q be 6/(-2) + (i - 7). Determine x(q).
-2
Let y(h) = -h**2 + 3*h + 1. Let x(b) = -b**3 + 3*b + 1. Let a be (-6)/4*(-12)/(-9). Let g be x(a). Calculate y(g).
1
Let x(n) = -8 + n**2 - 5 + 11. What is x(3)?
7
Suppose 5*c = -2*c - 28. Let u(z) = 4*z**3 - 3*z**2 + 9*z. Let s(i) = i**3 + i - 1. Let l(h) = -5*s(h) + u(h). What is l(c)?
5
Suppose -2*j + 0 = -2. Let a be j*1*(0 - -2). Let d(r) = -2*r + 2*r + r + 0*r - 2 + 4*r**a - r**3. What is d(2)?
8
Let d(v) be the first derivative of -v**4/4 + 7*v**3/3 - v**2 + 10*v + 23. What is d(7)?
-4
Let h(w) = 3*w**3 + 6*w**2 - 2*w + 1. Let t be 3 + (-3)/(-6 + 3). Let v(u) = u**3 + u**2. Let m(n) = t*v(n) - h(n). Determine m(1).
0
Let h(p) = p**3 + 6*p**2 + 4*p - 7. Let y be (10/6)/(-1 + (-8)/(-12)). Determine h(y).
-2
Let b(r) be the first derivative of r**3/6 - r**2 + r + 3. Let g(p) be the first derivative of b(p). Suppose -6*q + q - z = 25, 4*z + 15 = -3*q. Give g(q).
-7
Suppose 5*d = 50 - 10. Suppose -h = -0*h - d. Let i(g) = -h*g + 3 + 10*g - 2. What is i(-3)?
-5
Let r(o) be the second derivative of -o**5/120 - 5*o**4/12 - o**3/6 + 5*o. Let c(y) be the second derivative of r(y). Give c(-7).
-3
Let r(z) = -2*z + 2. Let i(g) = -g**2 - 2*g - 3. Let f be i(-2). What is r(f)?
8
Let o(m) = 3*m - 1. Let y(z) = -3*z + 1. Let w(x) = 3*o(x) + 4*y(x). Calculate w(4).
-11
Let o(p) = -p**3 - 6*p**2 + 6*p - 4. Let l be o(-7). Let f(x) = -2*x - 5. Let h(g) = -g - 4. Let i(c) = l*h(c) - 2*f(c). Determine i(-5).
-7
Let r be (-12)/(-66) - 24/11. Let l = 2 - 0. Let o(x) = -2*x + 0*x - 3*x - x**l - 2. Determine o(r).
4
Let u(g) = -5*g + 1 + 4*g - 5*g. Let w(d) = d**3 + 4*d**2 + 2. Let b be w(-2). Let z be 1 + -2 + b/5. Calculate u(z).
-5
Suppose -7 + 0 = -f. Let i(p) = p**3 - 6*p**2 - 7*p + 1. Give i(f).
1
Let c(y) = 2*y**2 + 11*y + 15. Let z(i) = i**2 + i + 1. Let h(f) = c(f) - 3*z(f). What is h(9)?
3
Let o(m) be the second derivative of 2/3*m**3 + 1/2*m**4 + 1/20*m**5 + m - 7/2*m**2 + 0. What is o(-5)?
-2
Let g(p) be the third derivative of -p**5/60 + p**4/3 - p**3/2 - 7*p**2. What is g(6)?
9
Let d(f) = 2*f + 21. Let h(s) = s + 10. Let m(q) = -3*d(q) + 7*h(q). Let a = 3 - 9. Let y be 1*3/a*0. What is m(y)?
7
Let n(j) = -6*j - 5. Let a(q) = -6*q - 6. Let w(s) = 4*a(s) - 6*n(s). Let f(v) = -v - 1. Let z(m) = -10*f(m) - w(m). What is z(5)?
-6
Let n(u) = -u**3 - 7*u**2 - 7*u - 1. Let l be n(-6). Suppose -l*b = -2*t - 25, b - 3*b + 4*t + 10 = 0. Let x(f) = 0*f + f**2 - 6*f + 3 + f. Determine x(b).
3
Let b(n) = 2*n - 13. Let t be b(8). Let h(f) = f - 1. Determine h(t).
2
Let g be -2 - 2*(-6)/4. Let s(h) = 2*h + 2. Let l(c) = -c - 1. Let t(r) = -5*r - 5. Let b(f) = 9*l(f) - 2*t(f). Let m(x) = g*s(x) - 3*b(x). Give m(4).
-5
Let d(a) = a**3 + 6*a**2 - 7*a - 2. Let t(z) = -z**3 - 6*z**2 + 8*z + 1. Let y(i) = 6*d(i) + 5*t(i). Give y(-6).
5
Suppose 2*y - 4*o + 16 = 0, 4*y - o + 6 + 5 = 0. Let x(i) = 3*i + 3 - 4 + 0. What is x(y)?
-7
Let k(o) = 9*o - 2*o + o - o**2 - 2*o. Let g(d) = 2*d**2 - 2*d + 1. Let h be g(2). Calculate k(h).
5
Let g(p) = -p**2 - 5*p + 7. Let j = 94 - 99. What is g(j)?
7
Let n(t) = -t**2 - 3 + 4 + 2*t + 2*t - 8*t. Calculate n(-5).
-4
Suppose -4*u + 6*u + 27 = 5*k, -5*u + k - 10 = 0. Let m(g) = 3*g**3 - g**2. Calculate m(u).
-4
Let i(b) = -b**3 - b**2 - b + 1. Let y(p) = -7*p**3 - 14*p**2 - 14*p + 8. Let h(f) = 6*i(f) - y(f). What is h(-7)?
-9
Let o = -13 + 9. Let c(m) = -5*m**2 + 4*m + 7. Let p(k) = 11*k**2 - 8*k - 14. Let a(g) = o*p(g) - 9*c(g). Let q be a(5). Let u(t) = -t**2 + t. What is u(q)?
-6
Let s(q) = q**2 - 4*q - 5. Let c = 29 - 24. Give s(c).
0
Let x be -20*(-4)/(-16)*-1. Let t(v) = -v**3 + 6*v**2 - 4*v - 6. What is t(x)?
-1
Suppose -5*n - 15 = m - 39, 4*n - 15 = -5*m. Suppose -5*f = -4*x - 21, 3*x + n*f = -x + 29. Let y(r) = 2*r**2 - r + 1. Calculate y(x).
2
Suppose 4*r + 2*r - 24 = 0. Let s(q) = 13*q**2 + q - 15. Let k(p) = -7*p**2 - p + 8. Let n(i) = 11*k(i) + 6*s(i). Determine n(r).
-6
Let v(w) be the first derivative of -3*w**4/4 + w - 6. What is v(-1)?
4
Let t(k) be the first derivative of -k**4/4 - 5*k**3/3 + 7*k**2/2 + 7*k - 3. Suppose -12 = -q + 3*q. Let d be t(q). Let g(w) = -w**2 + w - 1. Determine g(d).
-1
Let b(t) = -9*t**2 - 1. Let i be 1/((-2)/18*-3). Suppose -i*g + 7 = -3*z + 19, 3*g = z - 14. Give b(z).
-10
Let l be (-10)/2*(-2 + 1). Let f(a) = -a**3 + 5*a**2 - a + 6. Let t be f(l). Let g(v) be the third derivative of -v**5/60 + v**4/12 - 2*v**2. What is g(t)?
1
Let p = -7 + 13. Let q(a) = -a + 3. Calculate q(p).
-3
Let b(u) be the second derivative of 7*u**6/720 + u**5/60 - u**4/12 + 2*u. Let l(q) be the third derivative of b(q). Calculate l(-2).
-12
Let f(r) = 2*r - 1. Let p(h) = -h**2 + 9*h - 10. Let s(i) = 5*f(i) - p(i). Suppose -w + 5*m - 5 = 0, -3*w + m - 2 = -m. Give s(w).
5
Let r(d) be the first derivative of d**3/3 + 2*d**2 + 3*d - 4. Determine r(-2).
-1
Let u(a) be the third derivative of a**4/12 + a**3 - 2*a**2. Let d be u(-6). Let i(h) = h + 8. What is i(d)?
2
Let d(x) be the third derivative of x**6/120 + x**5/30 - x**4/8 - 2*x**3/3 + 16*x**2. What is d(-3)?
-4
Let w = 6 + -2. Let y(v) be the first derivative of -w*v + 3/2*v**2 - 2. Give y(4).
8
Let q be (-12)/(-8) + 2/(-4). Let t(x) = 10 + x + q - 7 + x**2. Give t(0).
4
Suppose 0*g = 4*g - 2*t + 14, -2*t - 2 = 0. Let b(y) = -6*y + 5. Let d = -29 + 18. Let k(r) = -r + 1. Let q(v) = d*k(v) + 2*b(v). Determine q(g).
3
Suppose -4*h + 14 = -6*h. Let o(f) = f**2 + 8*f + 4. Give o(h).
-3
Let x(d) = 2*d**3 - 2*d - 1. Let i(t) 